{"id":6,"date":"2014-03-14T06:51:28","date_gmt":"2014-03-14T06:51:28","guid":{"rendered":"http:\/\/www.saartekalandus.ee\/?page_id=6"},"modified":"2024-01-26T10:28:38","modified_gmt":"2024-01-26T10:28:38","slug":"kes-me-oleme","status":"publish","type":"page","link":"https:\/\/www.saartekalandus.ee\/?page_id=6","title":{"rendered":"Kes me oleme"},"content":{"rendered":"<div>\n<div>\n<div>\n<div>\n<div>\n<p align=\"left\"><strong>Mittetulundus\u00fching Saarte Kalandus on avalikes huvides tegutsev vabatahtlik \u00fchendus, mille eesm\u00e4rk on kalanduse ja sellega seotud tegevusalade arendamine ning rannak\u00fclade eluj\u00f5u kindlustamine.<\/strong><\/p>\n<p>Perioodil 2021\u20132027 toetab Euroopa Liidu \u00fchise kalanduspoliitika ja integreeritud merenduspoliitika rakendamist Euroopa Merendus-, Kalandus- ja Vesiviljelusfond. Fondi vahendite abil saab soodustada kalandussektori arengut ning kohanemist sektori struktuursete muutustega. See omakorda aitab t\u00f5sta Eesti kalanduse konkurentsiv\u00f5imet ja kalurite sissetulekut.<\/p>\n<p><a href=\"https:\/\/www.europarl.europa.eu\/factsheets\/et\/section\/197\/uhine-kalanduspoliitika\">Euroopa Liidu \u00dchine Kalanduspoliitika<\/a> (\u00dcKP)<\/p>\n<p>EMKVF rakenduskava: <a href=\"https:\/\/www.saartekalandus.ee\/wp-content\/uploads\/2024\/01\/emkvf-2021-rakenduskava-2022-12-08.pdf\">emkvf-2021-rakenduskava-2022-12-08<\/a><\/p>\n<p align=\"left\">\u00a0MT\u00dc on avatud uute liikmete vastuv\u00f5tmiseks, kes jagavad organisatsiooni eesm\u00e4rke ning p\u00f5hiv\u00e4\u00e4rtuseid.<\/p>\n<\/div>\n<\/div>\n<\/div>\n<\/div>\n<\/div>\n","protected":false},"excerpt":{"rendered":"<p>Mittetulundus\u00fching Saarte Kalandus on avalikes huvides tegutsev vabatahtlik \u00fchendus, mille eesm\u00e4rk on kalanduse ja sellega seotud tegevusalade arendamine ning rannak\u00fclade eluj\u00f5u kindlustamine. Perioodil 2021\u20132027 toetab Euroopa Liidu \u00fchise kalanduspoliitika ja integreeritud merenduspoliitika rakendamist Euroopa Merendus-, Kalandus- ja Vesiviljelusfond. Fondi vahendite abil saab soodustada kalandussektori arengut ning kohanemist sektori struktuursete muutustega. See omakorda aitab t\u00f5sta Eesti [&hellip;]<\/p>\n","protected":false},"author":1,"featured_media":0,"parent":4,"menu_order":5,"comment_status":"closed","ping_status":"closed","template":"","meta":{"footnotes":""},"class_list":["post-6","page","type-page","status-publish","hentry"],"_links":{"self":[{"href":"https:\/\/www.saartekalandus.ee\/index.php?rest_route=\/wp\/v2\/pages\/6","targetHints":{"allow":["GET"]}}],"collection":[{"href":"https:\/\/www.saartekalandus.ee\/index.php?rest_route=\/wp\/v2\/pages"}],"about":[{"href":"https:\/\/www.saartekalandus.ee\/index.php?rest_route=\/wp\/v2\/types\/page"}],"author":[{"embeddable":true,"href":"https:\/\/www.saartekalandus.ee\/index.php?rest_route=\/wp\/v2\/users\/1"}],"replies":[{"embeddable":true,"href":"https:\/\/www.saartekalandus.ee\/index.php?rest_route=%2Fwp%2Fv2%2Fcomments&post=6"}],"version-history":[{"count":64,"href":"https:\/\/www.saartekalandus.ee\/index.php?rest_route=\/wp\/v2\/pages\/6\/revisions"}],"predecessor-version":[{"id":5901,"href":"https:\/\/www.saartekalandus.ee\/index.php?rest_route=\/wp\/v2\/pages\/6\/revisions\/5901"}],"up":[{"embeddable":true,"href":"https:\/\/www.saartekalandus.ee\/index.php?rest_route=\/wp\/v2\/pages\/4"}],"wp:attachment":[{"href":"https:\/\/www.saartekalandus.ee\/index.php?rest_route=%2Fwp%2Fv2%2Fmedia&parent=6"}],"curies":[{"name":"wp","href":"https:\/\/api.w.org\/{rel}","templated":true}]}}