{"id":5154,"date":"2021-10-29T08:23:43","date_gmt":"2021-10-29T08:23:43","guid":{"rendered":"http:\/\/www.saartekalandus.ee\/?page_id=5154"},"modified":"2021-10-29T10:44:18","modified_gmt":"2021-10-29T10:44:18","slug":"louna-prantsusmaa-oppereis","status":"publish","type":"page","link":"https:\/\/www.saartekalandus.ee\/?page_id=5154","title":{"rendered":"\u00d5ppereis L\u00f5una- Prantsusmaa Nice \u00fcmbruse kalanduspiirkondadesse 13. &#8211; 20. 10. 2021"},"content":{"rendered":"<div id=\"attachment_5155\" style=\"width: 310px\" class=\"wp-caption alignnone\"><a href=\"http:\/\/www.saartekalandus.ee\/wp-content\/uploads\/2021\/10\/@APPA-ESTONIE-171021-217.jpg\" rel=\"attachment wp-att-5155\"><img loading=\"lazy\" decoding=\"async\" aria-describedby=\"caption-attachment-5155\" class=\"wp-image-5155 size-medium\" src=\"http:\/\/www.saartekalandus.ee\/wp-content\/uploads\/2021\/10\/@APPA-ESTONIE-171021-217-300x200.jpg\" alt=\"Antibes le 17 Octobre 2021-FRANCEGroupe de P\u00eacheurs ESTONIENS-\u00a9 Foto Andr\u00e9 Viguier\" width=\"300\" height=\"200\" srcset=\"https:\/\/www.saartekalandus.ee\/wp-content\/uploads\/2021\/10\/@APPA-ESTONIE-171021-217-300x200.jpg 300w, https:\/\/www.saartekalandus.ee\/wp-content\/uploads\/2021\/10\/@APPA-ESTONIE-171021-217-768x512.jpg 768w, https:\/\/www.saartekalandus.ee\/wp-content\/uploads\/2021\/10\/@APPA-ESTONIE-171021-217-1024x682.jpg 1024w, https:\/\/www.saartekalandus.ee\/wp-content\/uploads\/2021\/10\/@APPA-ESTONIE-171021-217.jpg 1181w\" sizes=\"auto, (max-width: 300px) 100vw, 300px\" \/><\/a><p id=\"caption-attachment-5155\" class=\"wp-caption-text\">Kohtumine APPA harrastuskalameeste \u00fchingu liikmetega<\/p><\/div>\n<p><a href=\"http:\/\/www.saartekalandus.ee\/wp-content\/uploads\/2021\/10\/1.jpg\" rel=\"attachment wp-att-5156\"><img loading=\"lazy\" decoding=\"async\" class=\"alignnone size-medium wp-image-5156\" src=\"http:\/\/www.saartekalandus.ee\/wp-content\/uploads\/2021\/10\/1-300x275.jpg\" alt=\"1\" width=\"300\" height=\"275\" srcset=\"https:\/\/www.saartekalandus.ee\/wp-content\/uploads\/2021\/10\/1-300x275.jpg 300w, https:\/\/www.saartekalandus.ee\/wp-content\/uploads\/2021\/10\/1-768x705.jpg 768w, https:\/\/www.saartekalandus.ee\/wp-content\/uploads\/2021\/10\/1.jpg 800w\" sizes=\"auto, (max-width: 300px) 100vw, 300px\" \/><\/a><\/p>\n<p><a href=\"http:\/\/www.saartekalandus.ee\/wp-content\/uploads\/2021\/10\/IMG_20211015_093734.jpg\" rel=\"attachment wp-att-5158\"><img loading=\"lazy\" decoding=\"async\" class=\"size-medium wp-image-5158\" src=\"http:\/\/www.saartekalandus.ee\/wp-content\/uploads\/2021\/10\/IMG_20211015_093734-300x225.jpg\" alt=\"dav\" width=\"300\" height=\"225\" srcset=\"https:\/\/www.saartekalandus.ee\/wp-content\/uploads\/2021\/10\/IMG_20211015_093734-300x225.jpg 300w, https:\/\/www.saartekalandus.ee\/wp-content\/uploads\/2021\/10\/IMG_20211015_093734-768x576.jpg 768w, https:\/\/www.saartekalandus.ee\/wp-content\/uploads\/2021\/10\/IMG_20211015_093734.jpg 800w\" sizes=\"auto, (max-width: 300px) 100vw, 300px\" \/><\/a><\/p>\n<div id=\"attachment_5159\" style=\"width: 310px\" class=\"wp-caption alignnone\"><a href=\"http:\/\/www.saartekalandus.ee\/wp-content\/uploads\/2021\/10\/IMG_20211015_094439.jpg\" rel=\"attachment wp-att-5159\"><img loading=\"lazy\" decoding=\"async\" aria-describedby=\"caption-attachment-5159\" class=\"wp-image-5159 size-medium\" src=\"http:\/\/www.saartekalandus.ee\/wp-content\/uploads\/2021\/10\/IMG_20211015_094439-300x225.jpg\" alt=\"\" width=\"300\" height=\"225\" srcset=\"https:\/\/www.saartekalandus.ee\/wp-content\/uploads\/2021\/10\/IMG_20211015_094439-300x225.jpg 300w, https:\/\/www.saartekalandus.ee\/wp-content\/uploads\/2021\/10\/IMG_20211015_094439-768x576.jpg 768w, https:\/\/www.saartekalandus.ee\/wp-content\/uploads\/2021\/10\/IMG_20211015_094439.jpg 800w\" sizes=\"auto, (max-width: 300px) 100vw, 300px\" \/><\/a><p id=\"caption-attachment-5159\" class=\"wp-caption-text\">Kohalik kalur v\u00f5rke klaarimas<\/p><\/div>\n<p><a href=\"http:\/\/www.saartekalandus.ee\/wp-content\/uploads\/2021\/10\/IMG_20211015_100235.jpg\" rel=\"attachment wp-att-5160\"><img loading=\"lazy\" decoding=\"async\" class=\"size-medium wp-image-5160\" src=\"http:\/\/www.saartekalandus.ee\/wp-content\/uploads\/2021\/10\/IMG_20211015_100235-300x225.jpg\" alt=\"dav\" width=\"300\" height=\"225\" srcset=\"https:\/\/www.saartekalandus.ee\/wp-content\/uploads\/2021\/10\/IMG_20211015_100235-300x225.jpg 300w, https:\/\/www.saartekalandus.ee\/wp-content\/uploads\/2021\/10\/IMG_20211015_100235-768x576.jpg 768w, https:\/\/www.saartekalandus.ee\/wp-content\/uploads\/2021\/10\/IMG_20211015_100235.jpg 800w\" sizes=\"auto, (max-width: 300px) 100vw, 300px\" \/><\/a><\/p>\n<p><a href=\"http:\/\/www.saartekalandus.ee\/wp-content\/uploads\/2021\/10\/IMG_20211015_104437.jpg\" rel=\"attachment wp-att-5161\"><img loading=\"lazy\" decoding=\"async\" class=\"size-medium wp-image-5161\" src=\"http:\/\/www.saartekalandus.ee\/wp-content\/uploads\/2021\/10\/IMG_20211015_104437-300x225.jpg\" alt=\"dav\" width=\"300\" height=\"225\" srcset=\"https:\/\/www.saartekalandus.ee\/wp-content\/uploads\/2021\/10\/IMG_20211015_104437-300x225.jpg 300w, https:\/\/www.saartekalandus.ee\/wp-content\/uploads\/2021\/10\/IMG_20211015_104437-768x576.jpg 768w, https:\/\/www.saartekalandus.ee\/wp-content\/uploads\/2021\/10\/IMG_20211015_104437.jpg 800w\" sizes=\"auto, (max-width: 300px) 100vw, 300px\" \/><\/a><\/p>\n<p><a href=\"http:\/\/www.saartekalandus.ee\/wp-content\/uploads\/2021\/10\/IMG_20211015_150551.jpg\" rel=\"attachment wp-att-5162\"><img loading=\"lazy\" decoding=\"async\" class=\"size-medium wp-image-5162\" src=\"http:\/\/www.saartekalandus.ee\/wp-content\/uploads\/2021\/10\/IMG_20211015_150551-300x225.jpg\" alt=\"dav\" width=\"300\" height=\"225\" srcset=\"https:\/\/www.saartekalandus.ee\/wp-content\/uploads\/2021\/10\/IMG_20211015_150551-300x225.jpg 300w, https:\/\/www.saartekalandus.ee\/wp-content\/uploads\/2021\/10\/IMG_20211015_150551-768x576.jpg 768w, https:\/\/www.saartekalandus.ee\/wp-content\/uploads\/2021\/10\/IMG_20211015_150551.jpg 800w\" sizes=\"auto, (max-width: 300px) 100vw, 300px\" \/><\/a><\/p>\n<p><a href=\"http:\/\/www.saartekalandus.ee\/wp-content\/uploads\/2021\/10\/IMG_20211016_095844.jpg\" rel=\"attachment wp-att-5163\"><img loading=\"lazy\" decoding=\"async\" class=\"size-medium wp-image-5163\" src=\"http:\/\/www.saartekalandus.ee\/wp-content\/uploads\/2021\/10\/IMG_20211016_095844-300x225.jpg\" alt=\"dav\" width=\"300\" height=\"225\" srcset=\"https:\/\/www.saartekalandus.ee\/wp-content\/uploads\/2021\/10\/IMG_20211016_095844-300x225.jpg 300w, https:\/\/www.saartekalandus.ee\/wp-content\/uploads\/2021\/10\/IMG_20211016_095844-768x576.jpg 768w, https:\/\/www.saartekalandus.ee\/wp-content\/uploads\/2021\/10\/IMG_20211016_095844.jpg 800w\" sizes=\"auto, (max-width: 300px) 100vw, 300px\" \/><\/a><\/p>\n<p><a href=\"http:\/\/www.saartekalandus.ee\/wp-content\/uploads\/2021\/10\/IMG_20211017_150708.jpg\" rel=\"attachment wp-att-5164\"><img loading=\"lazy\" decoding=\"async\" class=\"size-medium wp-image-5164\" src=\"http:\/\/www.saartekalandus.ee\/wp-content\/uploads\/2021\/10\/IMG_20211017_150708-300x225.jpg\" alt=\"dav\" width=\"300\" height=\"225\" srcset=\"https:\/\/www.saartekalandus.ee\/wp-content\/uploads\/2021\/10\/IMG_20211017_150708-300x225.jpg 300w, https:\/\/www.saartekalandus.ee\/wp-content\/uploads\/2021\/10\/IMG_20211017_150708-768x576.jpg 768w, https:\/\/www.saartekalandus.ee\/wp-content\/uploads\/2021\/10\/IMG_20211017_150708.jpg 800w\" sizes=\"auto, (max-width: 300px) 100vw, 300px\" \/><\/a><\/p>\n<p><a href=\"http:\/\/www.saartekalandus.ee\/wp-content\/uploads\/2021\/10\/IMG_20211018_095431.jpg\" rel=\"attachment wp-att-5165\"><img loading=\"lazy\" decoding=\"async\" class=\"size-medium wp-image-5165\" src=\"http:\/\/www.saartekalandus.ee\/wp-content\/uploads\/2021\/10\/IMG_20211018_095431-300x270.jpg\" alt=\"dav\" width=\"300\" height=\"270\" srcset=\"https:\/\/www.saartekalandus.ee\/wp-content\/uploads\/2021\/10\/IMG_20211018_095431-300x270.jpg 300w, https:\/\/www.saartekalandus.ee\/wp-content\/uploads\/2021\/10\/IMG_20211018_095431-768x692.jpg 768w, https:\/\/www.saartekalandus.ee\/wp-content\/uploads\/2021\/10\/IMG_20211018_095431.jpg 800w\" sizes=\"auto, (max-width: 300px) 100vw, 300px\" \/><\/a><\/p>\n<p><a href=\"http:\/\/www.saartekalandus.ee\/wp-content\/uploads\/2021\/10\/IMG_20211018_160648.jpg\" rel=\"attachment wp-att-5166\"><img loading=\"lazy\" decoding=\"async\" class=\"size-medium wp-image-5166\" src=\"http:\/\/www.saartekalandus.ee\/wp-content\/uploads\/2021\/10\/IMG_20211018_160648-300x225.jpg\" alt=\"dav\" width=\"300\" height=\"225\" srcset=\"https:\/\/www.saartekalandus.ee\/wp-content\/uploads\/2021\/10\/IMG_20211018_160648-300x225.jpg 300w, https:\/\/www.saartekalandus.ee\/wp-content\/uploads\/2021\/10\/IMG_20211018_160648-768x576.jpg 768w, https:\/\/www.saartekalandus.ee\/wp-content\/uploads\/2021\/10\/IMG_20211018_160648.jpg 800w\" sizes=\"auto, (max-width: 300px) 100vw, 300px\" \/><\/a><\/p>\n<p><a href=\"http:\/\/www.saartekalandus.ee\/wp-content\/uploads\/2021\/10\/IMG_20211018_161605.jpg\" rel=\"attachment wp-att-5167\"><img loading=\"lazy\" decoding=\"async\" class=\"size-medium wp-image-5167\" src=\"http:\/\/www.saartekalandus.ee\/wp-content\/uploads\/2021\/10\/IMG_20211018_161605-300x225.jpg\" alt=\"dav\" width=\"300\" height=\"225\" srcset=\"https:\/\/www.saartekalandus.ee\/wp-content\/uploads\/2021\/10\/IMG_20211018_161605-300x225.jpg 300w, https:\/\/www.saartekalandus.ee\/wp-content\/uploads\/2021\/10\/IMG_20211018_161605-768x576.jpg 768w, https:\/\/www.saartekalandus.ee\/wp-content\/uploads\/2021\/10\/IMG_20211018_161605.jpg 800w\" sizes=\"auto, (max-width: 300px) 100vw, 300px\" \/><\/a><\/p>\n<p><a href=\"http:\/\/www.saartekalandus.ee\/wp-content\/uploads\/2021\/10\/IMG_20211019_120209.jpg\" rel=\"attachment wp-att-5168\"><img loading=\"lazy\" decoding=\"async\" class=\"size-medium wp-image-5168\" src=\"http:\/\/www.saartekalandus.ee\/wp-content\/uploads\/2021\/10\/IMG_20211019_120209-300x225.jpg\" alt=\"dav\" width=\"300\" height=\"225\" srcset=\"https:\/\/www.saartekalandus.ee\/wp-content\/uploads\/2021\/10\/IMG_20211019_120209-300x225.jpg 300w, https:\/\/www.saartekalandus.ee\/wp-content\/uploads\/2021\/10\/IMG_20211019_120209-768x576.jpg 768w, https:\/\/www.saartekalandus.ee\/wp-content\/uploads\/2021\/10\/IMG_20211019_120209.jpg 800w\" sizes=\"auto, (max-width: 300px) 100vw, 300px\" \/><\/a><\/p>\n<p><a href=\"http:\/\/www.saartekalandus.ee\/wp-content\/uploads\/2021\/10\/IMG_20211020_112008.jpg\" rel=\"attachment wp-att-5169\"><img loading=\"lazy\" decoding=\"async\" class=\"size-medium wp-image-5169\" src=\"http:\/\/www.saartekalandus.ee\/wp-content\/uploads\/2021\/10\/IMG_20211020_112008-300x225.jpg\" alt=\"dav\" width=\"300\" height=\"225\" srcset=\"https:\/\/www.saartekalandus.ee\/wp-content\/uploads\/2021\/10\/IMG_20211020_112008-300x225.jpg 300w, https:\/\/www.saartekalandus.ee\/wp-content\/uploads\/2021\/10\/IMG_20211020_112008-768x576.jpg 768w, https:\/\/www.saartekalandus.ee\/wp-content\/uploads\/2021\/10\/IMG_20211020_112008-1024x768.jpg 1024w\" sizes=\"auto, (max-width: 300px) 100vw, 300px\" \/><\/a><\/p>\n<p><a href=\"http:\/\/www.saartekalandus.ee\/wp-content\/uploads\/2021\/10\/\u00dchine_foto.jpg\" rel=\"attachment wp-att-5170\"><img loading=\"lazy\" decoding=\"async\" class=\"alignnone size-medium wp-image-5170\" src=\"http:\/\/www.saartekalandus.ee\/wp-content\/uploads\/2021\/10\/\u00dchine_foto-300x240.jpg\" alt=\"\u00dchine_foto\" width=\"300\" height=\"240\" srcset=\"https:\/\/www.saartekalandus.ee\/wp-content\/uploads\/2021\/10\/\u00dchine_foto-300x240.jpg 300w, https:\/\/www.saartekalandus.ee\/wp-content\/uploads\/2021\/10\/\u00dchine_foto-768x614.jpg 768w, https:\/\/www.saartekalandus.ee\/wp-content\/uploads\/2021\/10\/\u00dchine_foto-1024x819.jpg 1024w\" sizes=\"auto, (max-width: 300px) 100vw, 300px\" \/><\/a><\/p>\n<p><img loading=\"lazy\" decoding=\"async\" class=\"size-medium wp-image-5171\" src=\"http:\/\/www.saartekalandus.ee\/wp-content\/uploads\/2021\/10\/IMG_20211015_122532-300x225.jpg\" alt=\"dav\" width=\"300\" height=\"225\" srcset=\"https:\/\/www.saartekalandus.ee\/wp-content\/uploads\/2021\/10\/IMG_20211015_122532-300x225.jpg 300w, https:\/\/www.saartekalandus.ee\/wp-content\/uploads\/2021\/10\/IMG_20211015_122532-768x576.jpg 768w, https:\/\/www.saartekalandus.ee\/wp-content\/uploads\/2021\/10\/IMG_20211015_122532-1024x768.jpg 1024w\" sizes=\"auto, (max-width: 300px) 100vw, 300px\" \/><\/p>\n<p><a href=\"http:\/\/www.saartekalandus.ee\/wp-content\/uploads\/2021\/10\/IMG_20211017_095246.jpg\" rel=\"attachment wp-att-5172\"><img loading=\"lazy\" decoding=\"async\" class=\"size-medium wp-image-5172\" src=\"http:\/\/www.saartekalandus.ee\/wp-content\/uploads\/2021\/10\/IMG_20211017_095246-300x225.jpg\" alt=\"dav\" width=\"300\" height=\"225\" srcset=\"https:\/\/www.saartekalandus.ee\/wp-content\/uploads\/2021\/10\/IMG_20211017_095246-300x225.jpg 300w, https:\/\/www.saartekalandus.ee\/wp-content\/uploads\/2021\/10\/IMG_20211017_095246-768x576.jpg 768w, https:\/\/www.saartekalandus.ee\/wp-content\/uploads\/2021\/10\/IMG_20211017_095246-1024x768.jpg 1024w\" sizes=\"auto, (max-width: 300px) 100vw, 300px\" \/><\/a><\/p>\n","protected":false},"excerpt":{"rendered":"","protected":false},"author":1,"featured_media":0,"parent":47,"menu_order":0,"comment_status":"closed","ping_status":"closed","template":"","meta":{"footnotes":""},"class_list":["post-5154","page","type-page","status-publish","hentry"],"_links":{"self":[{"href":"https:\/\/www.saartekalandus.ee\/index.php?rest_route=\/wp\/v2\/pages\/5154","targetHints":{"allow":["GET"]}}],"collection":[{"href":"https:\/\/www.saartekalandus.ee\/index.php?rest_route=\/wp\/v2\/pages"}],"about":[{"href":"https:\/\/www.saartekalandus.ee\/index.php?rest_route=\/wp\/v2\/types\/page"}],"author":[{"embeddable":true,"href":"https:\/\/www.saartekalandus.ee\/index.php?rest_route=\/wp\/v2\/users\/1"}],"replies":[{"embeddable":true,"href":"https:\/\/www.saartekalandus.ee\/index.php?rest_route=%2Fwp%2Fv2%2Fcomments&post=5154"}],"version-history":[{"count":6,"href":"https:\/\/www.saartekalandus.ee\/index.php?rest_route=\/wp\/v2\/pages\/5154\/revisions"}],"predecessor-version":[{"id":5184,"href":"https:\/\/www.saartekalandus.ee\/index.php?rest_route=\/wp\/v2\/pages\/5154\/revisions\/5184"}],"up":[{"embeddable":true,"href":"https:\/\/www.saartekalandus.ee\/index.php?rest_route=\/wp\/v2\/pages\/47"}],"wp:attachment":[{"href":"https:\/\/www.saartekalandus.ee\/index.php?rest_route=%2Fwp%2Fv2%2Fmedia&parent=5154"}],"curies":[{"name":"wp","href":"https:\/\/api.w.org\/{rel}","templated":true}]}}