{"id":4560,"date":"2019-07-10T05:32:54","date_gmt":"2019-07-10T05:32:54","guid":{"rendered":"http:\/\/www.saartekalandus.ee\/?page_id=4560"},"modified":"2026-04-17T05:52:43","modified_gmt":"2026-04-17T05:52:43","slug":"projektitoetuse-taotluste-esitamine-alates-01-03-2019","status":"publish","type":"page","link":"https:\/\/www.saartekalandus.ee\/?page_id=4560","title":{"rendered":"EMKVF perioodi projektide esitamine"},"content":{"rendered":"<p><strong>EMKVF perioodi 2021 \u2013 2029 kogukonna juhitud kohaliku arengu toetus strateegia rakendamine<\/strong><\/p>\n<p><span style=\"color: #339966;\">EMKVF projektitoetuse <strong>2026. a II<\/strong> taotlusvoor on <a href=\"https:\/\/epria.pria.ee\/login\/\">e-PRIA iseteeninduskeskkonnas<\/a> avatud <strong>13.04.2026. a &#8211; (kell 00.00) &#8211; 21.04.2026. a (kell 23.59)<\/strong><\/span><\/p>\n<p>EMKVF projektitoetuse <strong>2026. a I<\/strong> taotlusvoor oli e-PRIA iseteeninduskeskkonnas avatud <strong>12.01.2026. a &#8211; (kell 00.00) &#8211; 20.01.2026. a (kell 23.59)<\/strong><\/p>\n<p>1.taotlusvooru projektide hindamise koosolek toimus 09.02.2026. a kalanduse b\u00fcroos algusega kell 10.00.<\/p>\n<hr \/>\n<p>31.12.2025. a seisuga oli keskmine v\u00e4ljap\u00fc\u00fck ilma agariku ja r\u00e4imeta kalap\u00fc\u00fcgiloa omaniku kohta 3448 kg (p\u00fc\u00fcgiandmed Saare maakond+ Ruhnu, rand +siseveed 820 803,10 kg, p\u00fc\u00fcgiloa omanikke 238).<\/p>\n<p>2026. a taotlusvoorude toimumise ajad ja eelarved on kinnitatud 06.11.2025. a \u00fcldkoosoleku otsusega nr 10: <a href=\"https:\/\/www.saartekalandus.ee\/wp-content\/uploads\/2025\/12\/06.11.2025_UK_otsus_2026_taotlusvoorude_eelarve_ja_toimumise_aeg.pdf\">06.11.2025_\u00dcK_otsus_2026_taotlusvoorude_eelarve_ja_toimumise_aeg<\/a><\/p>\n<p><a href=\"https:\/\/www.saartekalandus.ee\/wp-content\/uploads\/2025\/12\/2026.-a-I-taotlusvooru-eelarve.pdf\">2026. a I taotlusvooru eelarve<\/a><\/p>\n<p><a href=\"https:\/\/www.saartekalandus.ee\/wp-content\/uploads\/2025\/12\/2026.-a-II-taotlusvooru-eelarve.pdf\">2026. a II taotlusvooru eelarve<\/a><\/p>\n<p><a href=\"https:\/\/www.pria.ee\/sites\/default\/files\/2024-07\/e-pria-juhend-emkvf-projektitoetus.pdf\">Juhend EMKVF taotluse esitamiseks e-PRIAs<\/a><\/p>\n<p><a href=\"https:\/\/www.pria.ee\/sites\/default\/files\/2025-02\/emkvf-projektitoetus-maksetaotluse-esitamise-juhend.pdf\">EMKVF maksetaotluse esitamise juhend e-PRIAs<\/a><\/p>\n<p>Hindamiskomisjoni liikmete ja asendusliikmete koosseis: <a href=\"https:\/\/www.saartekalandus.ee\/wp-content\/uploads\/2024\/11\/MTU-Saarte-Kalandus-hindamiskomisjoni-liikmete-nimekiri.pdf\">MT\u00dc Saarte Kalandus hindamiskomisjoni liikmete nimekiri<\/a><\/p>\n<p><a href=\"https:\/\/www.saartekalandus.ee\/wp-content\/uploads\/2025\/02\/Hindamiskriteeriumid_2024_muudatus_KINNITATUD.pdf\">Hindamiskriteeriumid_2024_muudatus_KINNITATUD<\/a><\/p>\n<p><a href=\"https:\/\/www.pria.ee\/toetused\/emkvf-projektitoetus\">Lisainfo projektitoetuse kohta PRIA kodulehel<\/a><\/p>\n<p><strong><span style=\"color: #008000;\">Saare maakonna 2024. a keskmine v\u00e4ljap\u00fc\u00fck ilma agariku ja r\u00e4imeta kalap\u00fc\u00fcgiloa omaniku kohta oli 2469 kg (2025. a andmed selguvad 2026. a).\u00a0<\/span><\/strong><\/p>\n<p><span style=\"color: #339966;\"><strong>Vajalikud dokumendid:<\/strong><\/span><\/p>\n<p>1.Kalandusturu korraldamise seadus:\u00a0<a href=\"https:\/\/www.riigiteataja.ee\/akt\/KTKS\">https:\/\/www.riigiteataja.ee\/akt\/KTKS<\/a><\/p>\n<p>2.Regionaalministri 18.10.2023. a m\u00e4\u00e4rus nr 69 \u201ePerioodi 2021-2027 kogukonna juhitud kohaliku arengu toetus\u201d: <a href=\"https:\/\/www.riigiteataja.ee\/akt\/119102023013\">https:\/\/www.riigiteataja.ee\/akt\/119102023013<\/a><\/p>\n<p>3.M\u00e4\u00e4ruse seletuskiri: <a href=\"https:\/\/www.saartekalandus.ee\/wp-content\/uploads\/2023\/10\/SK_69_2023.pdf\">SK_69_2023<\/a><\/p>\n<p>4.Projektitoetuse taotluse sisun\u00f5uded: <a href=\"https:\/\/www.saartekalandus.ee\/wp-content\/uploads\/2024\/06\/M_69_2023_Lisa7_taotluse-_sisunouded.pdf\">M_69_2023_Lisa7_taotluse _sisun\u00f5uded<\/a><\/p>\n<p>5. <a href=\"https:\/\/www.saartekalandus.ee\/wp-content\/uploads\/2025\/12\/Saaremaa_kalanduspiirkonna_strateegia_2021_2029_MUUTMINE_2025_KINNITATUD.pdf\">Saaremaa kalanduspiirkonna strateegia 2021-2029<\/a><\/p>\n<p>6<a href=\"https:\/\/www.saartekalandus.ee\/wp-content\/uploads\/2025\/06\/MTU_Saarte_Kalandus_hindamiskord_2025_muudatus_KINNITATUD.pdf\">.Hindamiskord ja hindamiskriteeriumid<\/a><\/p>\n<p>7.Regionaalministri 19.07.2023. a m\u00e4\u00e4rus nr 45 <a href=\"https:\/\/www.riigiteataja.ee\/akt\/121072023004\">&#8220;Euroopa Merendus-, Kalandus- ja Vesiviljelusfondi rakenduskava 2021\u20132027 toetuse objekti t\u00e4histamise ning Euroopa Liidu osalusele viitamise tingimused ja kord&#8221;<\/a><\/p>\n<p>8. Ehitise hinnapakkumise vorm (KM 24%): <a href=\"https:\/\/www.saartekalandus.ee\/wp-content\/uploads\/2026\/04\/ehitustegevuse-hinnapakkumuse-vorm-24-km_1.xls\">ehitustegevuse-hinnapakkumuse-vorm-24-km_1<\/a><\/p>\n<p>9. <a href=\"https:\/\/www.saartekalandus.ee\/wp-content\/uploads\/2025\/04\/Hinnapakkumise_kutse_vorm.doc\">Hinnapakkumise_kutse_vorm<\/a><\/p>\n<p><em>Punktis 9 toodud Hinnapakkumise kutse vormi kasutamine ei ole kohustuslik, hinnapakkumise kutse v\u00f5ib ka ise koostada<\/em><\/p>\n<p>11.\u00a0 <a href=\"https:\/\/www.saartekalandus.ee\/wp-content\/uploads\/2024\/04\/Projekti_luhikokkuvote.docx\">Projekti_l\u00fchikokkuv\u00f5te<\/a><\/p>\n<p>12. <a href=\"https:\/\/www.saartekalandus.ee\/wp-content\/uploads\/2024\/06\/Finantsanaluusi-seletuskirja-naidis.docx\">Finantsanal\u00fc\u00fcsi seletuskirja n\u00e4idis<\/a><\/p>\n<p><strong><span style=\"color: #008000;\">Abistavad juhendid<\/span><\/strong><\/p>\n<p>Toetuse saaja ja toetuse m\u00e4\u00e4rad: <a href=\"https:\/\/www.saartekalandus.ee\/wp-content\/uploads\/2024\/04\/TOETUSE-SAAJA-JA-TOETUSE-MAARAD.pdf\">TOETUSE SAAJA JA TOETUSE M\u00c4\u00c4RAD<\/a><\/p>\n<p>Projektitoetuse taotlused esitatakse l\u00e4bi <a href=\"https:\/\/epria.pria.ee\/login\/#\/login\">e-PRIA<\/a><\/p>\n<p>Juhis projektitoetuse esitamiseks l\u00e4bi e-PRIA: <a href=\"https:\/\/www.saartekalandus.ee\/wp-content\/uploads\/2024\/06\/EMKVF-projektitoetus-e-PRIA-slaidid-30.05.2024.pdf\">EMKVF-projektitoetus-e-PRIA-slaidid-30.05.2024<\/a><\/p>\n<p><a href=\"https:\/\/www.youtube.com\/watch?v=yRCWnB81V2E\">Tegevuste sisestamise juhis e-PRIAs:<\/a> <em>(Tuleks \u00fcle vaadata, kas iga eri liiki tegevus on sisestatud eraldi tegevusena. N\u00e4iteks kui taotletakse toetust k\u00f6\u00f6giseadmete ostmiseks ja teatrisaali inventari ostmiseks, siis peavad need tegevused olema sisestatud eraldi tegevustena. Lisaks tuleks kontrollida, et tegevused ei ole sisestatud liiga detailsel tasemel st, et tegevuste kuvale ei ole sisestatud andmed, mis peaksid kajastuma tegevuste eelarves.<\/em><\/p>\n<p><em>N\u00e4iteks k\u00f6\u00f6giseadmete ostmise ja paigaldamise korral ei ole vaja eraldi tegevusena v\u00e4lja tuua igat ostetavat seadet (n\u00e4iteks k\u00fclmkapp, pliit, ahi jne), need peavad kajastuma eelarves. Tegevus peaks olema s\u00f5nastatud sellisel juhul \u00fche reana \u201ek\u00f6\u00f6giseadmete ostmine ja paigaldamine\u201c<\/em><br \/>\n<em>Juhul kui sisult tegevuse eelarve (seadmete loetelu) on taotlejal lisatud taotlusele eraldi tegevustena, on soovitatav lasta taotlejal taotlust muuta nii, et tegevus sisestatakse \u00fche reana ja t\u00e4psem info sisestatakse eelarvesse. <\/em><br \/>\n<em>Tegevuse eelarvest peab tulema v\u00e4lja tegevuse t\u00e4psem sisu. N\u00e4iteks peab \u00fcrituse korraldamisel eelarvest v\u00e4lja tulema millised kuluread \u00fcrituse korraldamisega kaasnevad N: transport, majutus, toitlustamine jne.).<\/em><\/p>\n<p><a href=\"http:\/\/www.saartekalandus.ee\/wp-content\/uploads\/2019\/07\/HANKEKOHUSLASE-M\u00c4\u00c4RATLEMINE.pdf\" rel=\"\">HANKEKOHUSLASE M\u00c4\u00c4RATLEMINE<\/a><\/p>\n<p><strong>Taotlusvoorud<\/strong><\/p>\n<p><span style=\"color: #000000;\">2024 &#8211; 2029 EMKVF meetme 3.1.3 2024. a taotlusvoor on e-PRIAs avatud 17.06. &#8211; 26.06.2024. a\u00a0 (kell 23.59).\u00a0<\/span>2024. a I taotlusvooru tegevussuundade eelarve: <a href=\"https:\/\/www.saartekalandus.ee\/wp-content\/uploads\/2024\/04\/2024_taotlusvooru_eelarve_KINNITATUD.pdf\">2024_taotlusvooru_eelarve_KINNITATUD<\/a><\/p>\n<hr \/>\n","protected":false},"excerpt":{"rendered":"<p>EMKVF perioodi 2021 \u2013 2029 kogukonna juhitud kohaliku arengu toetus strateegia rakendamine EMKVF projektitoetuse 2026. a II taotlusvoor on e-PRIA iseteeninduskeskkonnas avatud 13.04.2026. a &#8211; (kell 00.00) &#8211; 21.04.2026. a (kell 23.59) EMKVF projektitoetuse 2026. a I taotlusvoor oli e-PRIA iseteeninduskeskkonnas avatud 12.01.2026. a &#8211; (kell 00.00) &#8211; 20.01.2026. a (kell 23.59) 1.taotlusvooru projektide hindamise [&hellip;]<\/p>\n","protected":false},"author":1,"featured_media":0,"parent":22,"menu_order":0,"comment_status":"closed","ping_status":"closed","template":"","meta":{"footnotes":""},"class_list":["post-4560","page","type-page","status-publish","hentry"],"_links":{"self":[{"href":"https:\/\/www.saartekalandus.ee\/index.php?rest_route=\/wp\/v2\/pages\/4560","targetHints":{"allow":["GET"]}}],"collection":[{"href":"https:\/\/www.saartekalandus.ee\/index.php?rest_route=\/wp\/v2\/pages"}],"about":[{"href":"https:\/\/www.saartekalandus.ee\/index.php?rest_route=\/wp\/v2\/types\/page"}],"author":[{"embeddable":true,"href":"https:\/\/www.saartekalandus.ee\/index.php?rest_route=\/wp\/v2\/users\/1"}],"replies":[{"embeddable":true,"href":"https:\/\/www.saartekalandus.ee\/index.php?rest_route=%2Fwp%2Fv2%2Fcomments&post=4560"}],"version-history":[{"count":101,"href":"https:\/\/www.saartekalandus.ee\/index.php?rest_route=\/wp\/v2\/pages\/4560\/revisions"}],"predecessor-version":[{"id":6628,"href":"https:\/\/www.saartekalandus.ee\/index.php?rest_route=\/wp\/v2\/pages\/4560\/revisions\/6628"}],"up":[{"embeddable":true,"href":"https:\/\/www.saartekalandus.ee\/index.php?rest_route=\/wp\/v2\/pages\/22"}],"wp:attachment":[{"href":"https:\/\/www.saartekalandus.ee\/index.php?rest_route=%2Fwp%2Fv2%2Fmedia&parent=4560"}],"curies":[{"name":"wp","href":"https:\/\/api.w.org\/{rel}","templated":true}]}}