{"id":2731,"date":"2017-08-03T10:29:55","date_gmt":"2017-08-03T10:29:55","guid":{"rendered":"http:\/\/www.saartekalandus.ee\/?page_id=2731"},"modified":"2018-09-12T10:48:42","modified_gmt":"2018-09-12T10:48:42","slug":"saaremaa-kalurite-paev-07-07-08-07-2017","status":"publish","type":"page","link":"https:\/\/www.saartekalandus.ee\/?page_id=2731","title":{"rendered":"Saaremaa Kalurite P\u00e4ev 07. 07. &#8211; 08. 07. 2017"},"content":{"rendered":"<p>Saaremaa Kalurite P\u00e4ev 2017 raames toimus 07. juulil kell 10.00 \u2013 15.45 Nasva klubis mittetulundus\u00fchingu Saarte Kalandus poolt organiseeritud \u00f5ppep\u00e4ev, kus kala v\u00e4\u00e4rindamise vajalikkusest r\u00e4\u00e4kis \u00a0kalanduse konsultant Els Ulman- Kuuskman. Viking Life- Saving Equipment Eesti AS juhatuse liige Jaanus Zovo viis l\u00e4bi p\u00f5hjaliku, erinevat t\u00fc\u00fcpi p\u00e4\u00e4stevestide kasutamise alase koolituse. H\u00fclgekahjudest ja h\u00fclgepeletite soetamise v\u00f5imalustest r\u00e4\u00e4kis ProTech Fisher O\u00dc juhatuse liige Risto Oitmaa.<br \/>\nP\u00e4\u00e4stevestide kasutamise praktiline koolitus toimus 08. juulil kell 14.00 \u2013 17.00 M\u00f5ntu Sadamas. Kell 18.00 algas\u00a0M\u00f5ntu Sadamas traditsiooniline Saaremaa Kalurite P\u00e4eva t\u00e4histamise pidulik muusika\u00fcritus. Rahvale esinesid Juss Haasmaa koos b\u00e4ndiga Trikster, b\u00e4nd Ska Faktor ja kohalike noorte b\u00e4nd Ocean Credit. Sissep\u00e4\u00e4s oli k\u00f5igile tasuta.<br \/>\n\u00dcritus viidi l\u00e4bi\u00a0osaliselt\u00a0\u201eEuroopa Merendus- ja Kalandusfondi\u201c meetme 3.2 \u201eKohaliku algatusr\u00fchma toetus\u201c toel.<\/p>\n<p>ERR: Margus Muld, &#8220;Saaremaa rannakalurite n\u00e4gurip\u00e4evad on l\u00e4bi&#8221;, 09. 07. 2017:\u00a0<a href=\"http:\/\/www.err.ee\/606566\/saaremaa-rannakalurite-naguripaevad-on-labi\">http:\/\/www.err.ee\/606566\/saaremaa-rannakalurite-naguripaevad-on-labi<\/a><\/p>\n<p><a href=\"http:\/\/www.saartekalandus.ee\/wp-content\/uploads\/2017\/08\/IMG_20170707_093635.jpg\" rel=\"attachment wp-att-2735\"><img loading=\"lazy\" decoding=\"async\" class=\"alignnone size-medium wp-image-2735\" src=\"http:\/\/www.saartekalandus.ee\/wp-content\/uploads\/2017\/08\/IMG_20170707_093635-169x300.jpg\" alt=\"IMG_20170707_093635\" width=\"169\" height=\"300\" srcset=\"https:\/\/www.saartekalandus.ee\/wp-content\/uploads\/2017\/08\/IMG_20170707_093635-169x300.jpg 169w, https:\/\/www.saartekalandus.ee\/wp-content\/uploads\/2017\/08\/IMG_20170707_093635.jpg 360w\" sizes=\"auto, (max-width: 169px) 100vw, 169px\" \/><\/a> <a href=\"http:\/\/www.saartekalandus.ee\/wp-content\/uploads\/2017\/08\/IMG_20170707_101038.jpg\" rel=\"attachment wp-att-2736\"><img loading=\"lazy\" decoding=\"async\" class=\"alignnone size-medium wp-image-2736\" src=\"http:\/\/www.saartekalandus.ee\/wp-content\/uploads\/2017\/08\/IMG_20170707_101038-300x169.jpg\" alt=\"IMG_20170707_101038\" width=\"300\" height=\"169\" srcset=\"https:\/\/www.saartekalandus.ee\/wp-content\/uploads\/2017\/08\/IMG_20170707_101038-300x169.jpg 300w, https:\/\/www.saartekalandus.ee\/wp-content\/uploads\/2017\/08\/IMG_20170707_101038.jpg 640w\" sizes=\"auto, (max-width: 300px) 100vw, 300px\" \/><\/a> <a href=\"http:\/\/www.saartekalandus.ee\/wp-content\/uploads\/2017\/08\/IMG_20170707_101057.jpg\" rel=\"attachment wp-att-2737\"><img loading=\"lazy\" decoding=\"async\" class=\"alignnone size-medium wp-image-2737\" src=\"http:\/\/www.saartekalandus.ee\/wp-content\/uploads\/2017\/08\/IMG_20170707_101057-300x169.jpg\" alt=\"IMG_20170707_101057\" width=\"300\" height=\"169\" srcset=\"https:\/\/www.saartekalandus.ee\/wp-content\/uploads\/2017\/08\/IMG_20170707_101057-300x169.jpg 300w, https:\/\/www.saartekalandus.ee\/wp-content\/uploads\/2017\/08\/IMG_20170707_101057.jpg 640w\" sizes=\"auto, (max-width: 300px) 100vw, 300px\" \/><\/a> <a href=\"http:\/\/www.saartekalandus.ee\/wp-content\/uploads\/2017\/08\/IMG_20170707_102041.jpg\" rel=\"attachment wp-att-2738\"><img loading=\"lazy\" decoding=\"async\" class=\"alignnone size-medium wp-image-2738\" src=\"http:\/\/www.saartekalandus.ee\/wp-content\/uploads\/2017\/08\/IMG_20170707_102041-300x169.jpg\" alt=\"IMG_20170707_102041\" width=\"300\" height=\"169\" srcset=\"https:\/\/www.saartekalandus.ee\/wp-content\/uploads\/2017\/08\/IMG_20170707_102041-300x169.jpg 300w, https:\/\/www.saartekalandus.ee\/wp-content\/uploads\/2017\/08\/IMG_20170707_102041.jpg 640w\" sizes=\"auto, (max-width: 300px) 100vw, 300px\" \/><\/a> <a href=\"http:\/\/www.saartekalandus.ee\/wp-content\/uploads\/2017\/08\/IMG_20170707_105538.jpg\" rel=\"attachment wp-att-2739\"><img loading=\"lazy\" decoding=\"async\" class=\"alignnone size-medium wp-image-2739\" src=\"http:\/\/www.saartekalandus.ee\/wp-content\/uploads\/2017\/08\/IMG_20170707_105538-300x169.jpg\" alt=\"IMG_20170707_105538\" width=\"300\" height=\"169\" srcset=\"https:\/\/www.saartekalandus.ee\/wp-content\/uploads\/2017\/08\/IMG_20170707_105538-300x169.jpg 300w, https:\/\/www.saartekalandus.ee\/wp-content\/uploads\/2017\/08\/IMG_20170707_105538.jpg 640w\" sizes=\"auto, (max-width: 300px) 100vw, 300px\" \/><\/a> <a href=\"http:\/\/www.saartekalandus.ee\/wp-content\/uploads\/2017\/08\/IMG_20170707_121711.jpg\" rel=\"attachment wp-att-2740\"><img loading=\"lazy\" decoding=\"async\" class=\"alignnone size-medium wp-image-2740\" src=\"http:\/\/www.saartekalandus.ee\/wp-content\/uploads\/2017\/08\/IMG_20170707_121711-300x169.jpg\" alt=\"IMG_20170707_121711\" width=\"300\" height=\"169\" srcset=\"https:\/\/www.saartekalandus.ee\/wp-content\/uploads\/2017\/08\/IMG_20170707_121711-300x169.jpg 300w, https:\/\/www.saartekalandus.ee\/wp-content\/uploads\/2017\/08\/IMG_20170707_121711.jpg 640w\" sizes=\"auto, (max-width: 300px) 100vw, 300px\" \/><\/a> <a href=\"http:\/\/www.saartekalandus.ee\/wp-content\/uploads\/2017\/08\/IMG_20170707_121726.jpg\" rel=\"attachment wp-att-2741\"><img loading=\"lazy\" decoding=\"async\" class=\"alignnone size-medium wp-image-2741\" src=\"http:\/\/www.saartekalandus.ee\/wp-content\/uploads\/2017\/08\/IMG_20170707_121726-300x169.jpg\" alt=\"IMG_20170707_121726\" width=\"300\" height=\"169\" srcset=\"https:\/\/www.saartekalandus.ee\/wp-content\/uploads\/2017\/08\/IMG_20170707_121726-300x169.jpg 300w, https:\/\/www.saartekalandus.ee\/wp-content\/uploads\/2017\/08\/IMG_20170707_121726.jpg 640w\" sizes=\"auto, (max-width: 300px) 100vw, 300px\" \/><\/a> <a href=\"http:\/\/www.saartekalandus.ee\/wp-content\/uploads\/2017\/08\/Kaluritep\u00e4ev20171.jpg\" rel=\"attachment wp-att-2734\"><img loading=\"lazy\" decoding=\"async\" class=\"alignnone size-medium wp-image-2734\" src=\"http:\/\/www.saartekalandus.ee\/wp-content\/uploads\/2017\/08\/Kaluritep\u00e4ev20171-300x200.jpg\" alt=\"Kaluritep\u00e4ev20171\" width=\"300\" height=\"200\" srcset=\"https:\/\/www.saartekalandus.ee\/wp-content\/uploads\/2017\/08\/Kaluritep\u00e4ev20171-300x200.jpg 300w, https:\/\/www.saartekalandus.ee\/wp-content\/uploads\/2017\/08\/Kaluritep\u00e4ev20171.jpg 640w\" sizes=\"auto, (max-width: 300px) 100vw, 300px\" \/><\/a><a href=\"http:\/\/www.saartekalandus.ee\/wp-content\/uploads\/2017\/08\/IMG_20170708_135900.jpg\" rel=\"attachment wp-att-2742\"><img loading=\"lazy\" decoding=\"async\" class=\"alignnone size-medium wp-image-2742\" src=\"http:\/\/www.saartekalandus.ee\/wp-content\/uploads\/2017\/08\/IMG_20170708_135900-300x169.jpg\" alt=\"IMG_20170708_135900\" width=\"300\" height=\"169\" srcset=\"https:\/\/www.saartekalandus.ee\/wp-content\/uploads\/2017\/08\/IMG_20170708_135900-300x169.jpg 300w, https:\/\/www.saartekalandus.ee\/wp-content\/uploads\/2017\/08\/IMG_20170708_135900.jpg 640w\" sizes=\"auto, (max-width: 300px) 100vw, 300px\" \/><\/a> <a href=\"http:\/\/www.saartekalandus.ee\/wp-content\/uploads\/2017\/08\/IMG_20170708_141743.jpg\" rel=\"attachment wp-att-3236\"><img loading=\"lazy\" decoding=\"async\" class=\"alignnone size-medium wp-image-3236\" src=\"http:\/\/www.saartekalandus.ee\/wp-content\/uploads\/2017\/08\/IMG_20170708_141743-300x168.jpg\" alt=\"IMG_20170708_141743\" width=\"300\" height=\"168\" srcset=\"https:\/\/www.saartekalandus.ee\/wp-content\/uploads\/2017\/08\/IMG_20170708_141743-300x168.jpg 300w, https:\/\/www.saartekalandus.ee\/wp-content\/uploads\/2017\/08\/IMG_20170708_141743-768x431.jpg 768w, https:\/\/www.saartekalandus.ee\/wp-content\/uploads\/2017\/08\/IMG_20170708_141743-1024x575.jpg 1024w\" sizes=\"auto, (max-width: 300px) 100vw, 300px\" \/><\/a> <a href=\"http:\/\/www.saartekalandus.ee\/wp-content\/uploads\/2017\/08\/IMG_20170708_144226.jpg\" rel=\"attachment wp-att-3237\"><img loading=\"lazy\" decoding=\"async\" class=\"alignnone size-medium wp-image-3237\" src=\"http:\/\/www.saartekalandus.ee\/wp-content\/uploads\/2017\/08\/IMG_20170708_144226-300x168.jpg\" alt=\"IMG_20170708_144226\" width=\"300\" height=\"168\" srcset=\"https:\/\/www.saartekalandus.ee\/wp-content\/uploads\/2017\/08\/IMG_20170708_144226-300x168.jpg 300w, https:\/\/www.saartekalandus.ee\/wp-content\/uploads\/2017\/08\/IMG_20170708_144226-768x431.jpg 768w, https:\/\/www.saartekalandus.ee\/wp-content\/uploads\/2017\/08\/IMG_20170708_144226-1024x575.jpg 1024w\" sizes=\"auto, (max-width: 300px) 100vw, 300px\" \/><\/a> <a href=\"http:\/\/www.saartekalandus.ee\/wp-content\/uploads\/2017\/08\/IMG_20170708_151014.jpg\" rel=\"attachment wp-att-3238\"><img loading=\"lazy\" decoding=\"async\" class=\"alignnone size-medium wp-image-3238\" src=\"http:\/\/www.saartekalandus.ee\/wp-content\/uploads\/2017\/08\/IMG_20170708_151014-300x168.jpg\" alt=\"IMG_20170708_151014\" width=\"300\" height=\"168\" srcset=\"https:\/\/www.saartekalandus.ee\/wp-content\/uploads\/2017\/08\/IMG_20170708_151014-300x168.jpg 300w, https:\/\/www.saartekalandus.ee\/wp-content\/uploads\/2017\/08\/IMG_20170708_151014-768x431.jpg 768w, https:\/\/www.saartekalandus.ee\/wp-content\/uploads\/2017\/08\/IMG_20170708_151014-1024x575.jpg 1024w\" sizes=\"auto, (max-width: 300px) 100vw, 300px\" \/><\/a> <a href=\"http:\/\/www.saartekalandus.ee\/wp-content\/uploads\/2017\/08\/IMG_20170708_151027.jpg\" rel=\"attachment wp-att-3239\"><img loading=\"lazy\" decoding=\"async\" class=\"alignnone size-medium wp-image-3239\" src=\"http:\/\/www.saartekalandus.ee\/wp-content\/uploads\/2017\/08\/IMG_20170708_151027-300x168.jpg\" alt=\"IMG_20170708_151027\" width=\"300\" height=\"168\" srcset=\"https:\/\/www.saartekalandus.ee\/wp-content\/uploads\/2017\/08\/IMG_20170708_151027-300x168.jpg 300w, https:\/\/www.saartekalandus.ee\/wp-content\/uploads\/2017\/08\/IMG_20170708_151027-768x431.jpg 768w, https:\/\/www.saartekalandus.ee\/wp-content\/uploads\/2017\/08\/IMG_20170708_151027-1024x575.jpg 1024w\" sizes=\"auto, (max-width: 300px) 100vw, 300px\" \/><\/a> <a href=\"http:\/\/www.saartekalandus.ee\/wp-content\/uploads\/2017\/08\/IMG_20170708_151350.jpg\" rel=\"attachment wp-att-3240\"><img loading=\"lazy\" decoding=\"async\" class=\"alignnone size-medium wp-image-3240\" src=\"http:\/\/www.saartekalandus.ee\/wp-content\/uploads\/2017\/08\/IMG_20170708_151350-300x168.jpg\" alt=\"IMG_20170708_151350\" width=\"300\" height=\"168\" srcset=\"https:\/\/www.saartekalandus.ee\/wp-content\/uploads\/2017\/08\/IMG_20170708_151350-300x168.jpg 300w, https:\/\/www.saartekalandus.ee\/wp-content\/uploads\/2017\/08\/IMG_20170708_151350-768x431.jpg 768w, https:\/\/www.saartekalandus.ee\/wp-content\/uploads\/2017\/08\/IMG_20170708_151350-1024x575.jpg 1024w\" sizes=\"auto, (max-width: 300px) 100vw, 300px\" \/><\/a> <a href=\"http:\/\/www.saartekalandus.ee\/wp-content\/uploads\/2017\/08\/IMG_20170708_152712.jpg\" rel=\"attachment wp-att-3241\"><img loading=\"lazy\" decoding=\"async\" class=\"alignnone size-medium wp-image-3241\" src=\"http:\/\/www.saartekalandus.ee\/wp-content\/uploads\/2017\/08\/IMG_20170708_152712-300x168.jpg\" alt=\"IMG_20170708_152712\" width=\"300\" height=\"168\" srcset=\"https:\/\/www.saartekalandus.ee\/wp-content\/uploads\/2017\/08\/IMG_20170708_152712-300x168.jpg 300w, https:\/\/www.saartekalandus.ee\/wp-content\/uploads\/2017\/08\/IMG_20170708_152712-768x431.jpg 768w, https:\/\/www.saartekalandus.ee\/wp-content\/uploads\/2017\/08\/IMG_20170708_152712-1024x575.jpg 1024w\" sizes=\"auto, (max-width: 300px) 100vw, 300px\" \/><\/a> <a href=\"http:\/\/www.saartekalandus.ee\/wp-content\/uploads\/2017\/08\/IMG_20170708_153245.jpg\" rel=\"attachment wp-att-3242\"><img loading=\"lazy\" decoding=\"async\" class=\"alignnone size-medium wp-image-3242\" src=\"http:\/\/www.saartekalandus.ee\/wp-content\/uploads\/2017\/08\/IMG_20170708_153245-300x168.jpg\" alt=\"IMG_20170708_153245\" width=\"300\" height=\"168\" srcset=\"https:\/\/www.saartekalandus.ee\/wp-content\/uploads\/2017\/08\/IMG_20170708_153245-300x168.jpg 300w, https:\/\/www.saartekalandus.ee\/wp-content\/uploads\/2017\/08\/IMG_20170708_153245-768x431.jpg 768w, https:\/\/www.saartekalandus.ee\/wp-content\/uploads\/2017\/08\/IMG_20170708_153245-1024x575.jpg 1024w\" sizes=\"auto, (max-width: 300px) 100vw, 300px\" \/><\/a> <a href=\"http:\/\/www.saartekalandus.ee\/wp-content\/uploads\/2017\/08\/IMG_20170708_153516.jpg\" rel=\"attachment wp-att-3243\"><img loading=\"lazy\" decoding=\"async\" class=\"alignnone size-medium wp-image-3243\" src=\"http:\/\/www.saartekalandus.ee\/wp-content\/uploads\/2017\/08\/IMG_20170708_153516-300x168.jpg\" alt=\"IMG_20170708_153516\" width=\"300\" height=\"168\" srcset=\"https:\/\/www.saartekalandus.ee\/wp-content\/uploads\/2017\/08\/IMG_20170708_153516-300x168.jpg 300w, https:\/\/www.saartekalandus.ee\/wp-content\/uploads\/2017\/08\/IMG_20170708_153516-768x431.jpg 768w, https:\/\/www.saartekalandus.ee\/wp-content\/uploads\/2017\/08\/IMG_20170708_153516-1024x575.jpg 1024w\" sizes=\"auto, (max-width: 300px) 100vw, 300px\" \/><\/a> <a href=\"http:\/\/www.saartekalandus.ee\/wp-content\/uploads\/2017\/08\/IMG_20170708_180119.jpg\" rel=\"attachment wp-att-3245\"><img loading=\"lazy\" decoding=\"async\" class=\"alignnone size-medium wp-image-3245\" src=\"http:\/\/www.saartekalandus.ee\/wp-content\/uploads\/2017\/08\/IMG_20170708_180119-300x168.jpg\" alt=\"IMG_20170708_180119\" width=\"300\" height=\"168\" srcset=\"https:\/\/www.saartekalandus.ee\/wp-content\/uploads\/2017\/08\/IMG_20170708_180119-300x168.jpg 300w, https:\/\/www.saartekalandus.ee\/wp-content\/uploads\/2017\/08\/IMG_20170708_180119-768x431.jpg 768w, https:\/\/www.saartekalandus.ee\/wp-content\/uploads\/2017\/08\/IMG_20170708_180119-1024x575.jpg 1024w\" sizes=\"auto, (max-width: 300px) 100vw, 300px\" \/><\/a> <a href=\"http:\/\/www.saartekalandus.ee\/wp-content\/uploads\/2017\/08\/IMG_20170708_180209.jpg\" rel=\"attachment wp-att-3246\"><img loading=\"lazy\" decoding=\"async\" class=\"alignnone size-medium wp-image-3246\" src=\"http:\/\/www.saartekalandus.ee\/wp-content\/uploads\/2017\/08\/IMG_20170708_180209-300x168.jpg\" alt=\"IMG_20170708_180209\" width=\"300\" height=\"168\" srcset=\"https:\/\/www.saartekalandus.ee\/wp-content\/uploads\/2017\/08\/IMG_20170708_180209-300x168.jpg 300w, https:\/\/www.saartekalandus.ee\/wp-content\/uploads\/2017\/08\/IMG_20170708_180209-768x431.jpg 768w, https:\/\/www.saartekalandus.ee\/wp-content\/uploads\/2017\/08\/IMG_20170708_180209-1024x575.jpg 1024w\" sizes=\"auto, (max-width: 300px) 100vw, 300px\" \/><\/a>\u00a0<a href=\"http:\/\/www.saartekalandus.ee\/wp-content\/uploads\/2017\/08\/08.07.17_Merep\u00e4\u00e4ste_praktiline_-koolitus_osav\u00f5tjate_autasustamine.jpg\" rel=\"attachment wp-att-2981\"><img loading=\"lazy\" decoding=\"async\" class=\"alignnone size-medium wp-image-2981\" src=\"http:\/\/www.saartekalandus.ee\/wp-content\/uploads\/2017\/08\/08.07.17_Merep\u00e4\u00e4ste_praktiline_-koolitus_osav\u00f5tjate_autasustamine-300x225.jpg\" alt=\"08.07.17_Merep\u00e4\u00e4ste_praktiline_ koolitus_osav\u00f5tjate_autasustamine\" width=\"300\" height=\"225\" srcset=\"https:\/\/www.saartekalandus.ee\/wp-content\/uploads\/2017\/08\/08.07.17_Merep\u00e4\u00e4ste_praktiline_-koolitus_osav\u00f5tjate_autasustamine-300x225.jpg 300w, https:\/\/www.saartekalandus.ee\/wp-content\/uploads\/2017\/08\/08.07.17_Merep\u00e4\u00e4ste_praktiline_-koolitus_osav\u00f5tjate_autasustamine.jpg 480w\" sizes=\"auto, (max-width: 300px) 100vw, 300px\" \/><\/a><\/p>\n","protected":false},"excerpt":{"rendered":"<p>Saaremaa Kalurite P\u00e4ev 2017 raames toimus 07. juulil kell 10.00 \u2013 15.45 Nasva klubis mittetulundus\u00fchingu Saarte Kalandus poolt organiseeritud \u00f5ppep\u00e4ev, kus kala v\u00e4\u00e4rindamise vajalikkusest r\u00e4\u00e4kis \u00a0kalanduse konsultant Els Ulman- Kuuskman. Viking Life- Saving Equipment Eesti AS juhatuse liige Jaanus Zovo viis l\u00e4bi p\u00f5hjaliku, erinevat t\u00fc\u00fcpi p\u00e4\u00e4stevestide kasutamise alase koolituse. H\u00fclgekahjudest ja h\u00fclgepeletite soetamise v\u00f5imalustest r\u00e4\u00e4kis [&hellip;]<\/p>\n","protected":false},"author":1,"featured_media":0,"parent":47,"menu_order":0,"comment_status":"closed","ping_status":"closed","template":"","meta":{"footnotes":""},"class_list":["post-2731","page","type-page","status-publish","hentry"],"_links":{"self":[{"href":"https:\/\/www.saartekalandus.ee\/index.php?rest_route=\/wp\/v2\/pages\/2731","targetHints":{"allow":["GET"]}}],"collection":[{"href":"https:\/\/www.saartekalandus.ee\/index.php?rest_route=\/wp\/v2\/pages"}],"about":[{"href":"https:\/\/www.saartekalandus.ee\/index.php?rest_route=\/wp\/v2\/types\/page"}],"author":[{"embeddable":true,"href":"https:\/\/www.saartekalandus.ee\/index.php?rest_route=\/wp\/v2\/users\/1"}],"replies":[{"embeddable":true,"href":"https:\/\/www.saartekalandus.ee\/index.php?rest_route=%2Fwp%2Fv2%2Fcomments&post=2731"}],"version-history":[{"count":11,"href":"https:\/\/www.saartekalandus.ee\/index.php?rest_route=\/wp\/v2\/pages\/2731\/revisions"}],"predecessor-version":[{"id":4107,"href":"https:\/\/www.saartekalandus.ee\/index.php?rest_route=\/wp\/v2\/pages\/2731\/revisions\/4107"}],"up":[{"embeddable":true,"href":"https:\/\/www.saartekalandus.ee\/index.php?rest_route=\/wp\/v2\/pages\/47"}],"wp:attachment":[{"href":"https:\/\/www.saartekalandus.ee\/index.php?rest_route=%2Fwp%2Fv2%2Fmedia&parent=2731"}],"curies":[{"name":"wp","href":"https:\/\/api.w.org\/{rel}","templated":true}]}}