{"id":20,"date":"2014-03-14T06:58:30","date_gmt":"2014-03-14T06:58:30","guid":{"rendered":"http:\/\/www.saartekalandus.ee\/?page_id=20"},"modified":"2025-11-27T08:24:49","modified_gmt":"2025-11-27T08:24:49","slug":"artiklid","status":"publish","type":"page","link":"https:\/\/www.saartekalandus.ee\/?page_id=20","title":{"rendered":"Lugemist"},"content":{"rendered":"<p>Saare maakonna lossimised 2016 &#8211; 2024: <a href=\"https:\/\/www.saartekalandus.ee\/wp-content\/uploads\/2025\/11\/Lossimised_2016_._koond.xlsx\">Lossimised_2016_._koond<\/a><\/p>\n<p>P\u00fc\u00fcgivahendi parendamise m\u00e4\u00e4rus: <a href=\"https:\/\/www.saartekalandus.ee\/wp-content\/uploads\/2024\/05\/M_31_2024.pdf\">M_31_2024<\/a><\/p>\n<p>P\u00fc\u00fcgivahendi parendamise m\u00e4\u00e4ruse seletuskiri: <a href=\"https:\/\/www.saartekalandus.ee\/wp-content\/uploads\/2024\/05\/SK_31_2024.pdf\">SK_31_2024<\/a><\/p>\n<p>Eesti kalandussektori riikliku t\u00f6\u00f6kava t\u00e4itmine 2022.- 2024. aastal: <a href=\"https:\/\/www.saartekalandus.ee\/wp-content\/uploads\/2024\/03\/Eesti-kalandussektori-riikliku-tookava-taitmine-2022.-2024.-aastal.pdf\">Eesti kalandussektori riikliku t\u00f6\u00f6kava t\u00e4itmine 2022.- 2024. aastal<\/a><\/p>\n<p>Eesti kalandussektori kohta andmete kogumise riikliku t\u00f6\u00f6kava t\u00e4itmine 2022-2024 aastal (2022): <a href=\"https:\/\/www.saartekalandus.ee\/wp-content\/uploads\/2024\/03\/Eesti-kalandussektori-kohta-andmete-kogumise-riikliku-tookava-taitmine-2022-2024-aastal-Keskkonnaministeerium-2022.pdf\">Eesti kalandussektori kohta andmete kogumise riikliku t\u00f6\u00f6kava t\u00e4itmine 2022-2024 aastal (Keskkonnaministeerium, 2022)<\/a><\/p>\n<p>Saare maakonna ettev\u00f5tjate rahulolu uuring: <a href=\"https:\/\/www.saartekalandus.ee\/wp-content\/uploads\/2024\/02\/Saare-maakonna-ettevotjate-rahulolu-uuring-2019_0.pdf\">Saare maakonna ettev\u00f5tjate rahulolu uuring (2019)_0<\/a><\/p>\n<p>\u00dchtekuuluvuspoliitika fondide rakenduskava perioodiks 2021-2027, EESTI:<a href=\"https:\/\/www.saartekalandus.ee\/wp-content\/uploads\/2023\/12\/Uhtekuuluvuspoliitika-fondide-rakenduskava-perioodiks-2021-2027.pdf\">\u00dchtekuuluvuspoliitika fondide rakenduskava perioodiks 2021-2027<\/a><\/p>\n<p>P\u00fc\u00fcgikoormuste kohandamine: <a href=\"https:\/\/www.saartekalandus.ee\/wp-content\/uploads\/2023\/12\/Projekti-Puugikoormuste-kohandamine-lopparuanne.pdf\">Projekti P\u00fc\u00fcgikoormuste kohandamine l\u00f5pparuanne<\/a><\/p>\n<p>Eesti mereala keskkonnaseisundi hinnang: <a href=\"https:\/\/www.saartekalandus.ee\/wp-content\/uploads\/2023\/12\/Eesti-mereala-keskkonnaseisundi-hindamise-aruanne.pdf\">Eesti mereala keskkonnaseisundi hindamise aruanne<\/a><\/p>\n<p>Vesiviljelus Eesti merealal: alusandmed ja uuringud, 2020: <a href=\"https:\/\/www.saartekalandus.ee\/wp-content\/uploads\/2023\/12\/Vesiviljelus-Eesti-merealal.pdf\">Vesiviljelus Eesti merealal<\/a><\/p>\n<p>Kliimamuutustega kohanemise arengukava aastani 2030: <a href=\"https:\/\/www.saartekalandus.ee\/wp-content\/uploads\/2023\/10\/Kliimamuutustega-kohanemise-arengukava-aastani-2030.pdf\">Kliimamuutustega kohanemise arengukava aastani 2030<\/a><\/p>\n<p class=\"western\" align=\"justify\"><span style=\"font-family: Times New Roman, serif;\"><span style=\"color: #000000;\"><span style=\"font-size: small;\"><span lang=\"et-EE\">Eesti energiamajanduse arengukava 2030: <a href=\"https:\/\/www.saartekalandus.ee\/wp-content\/uploads\/2023\/10\/enmak_2030.pdf\">enmak_2030<\/a><\/span><\/span><\/span><\/span><\/p>\n<p>Eesti digi\u00fchiskonna 2030 arengukava: <a href=\"https:\/\/www.saartekalandus.ee\/wp-content\/uploads\/2023\/10\/Digiuhiskonnna-ARENGUKAVA_13.12.2021.pdf\">Digi\u00fchiskonnna ARENGUKAVA_13.12.2021<\/a><\/p>\n<p>Transpordi ja liikuvuse arengukava 2021-2035: <a href=\"https:\/\/www.saartekalandus.ee\/wp-content\/uploads\/2023\/10\/Transpordi-ja-liikuvuse-arengukava-2021\u20132035.pdf\">Transpordi ja liikuvuse arengukava 2021\u20132035<\/a><\/p>\n<p>Eesti s\u00e4\u00e4stva arengu riiklik strateegia &#8220;Eesti21&#8221;: <a href=\"https:\/\/www.saartekalandus.ee\/wp-content\/uploads\/2023\/10\/se21_est_web_1.pdf\">se21_est_web_1<\/a><\/p>\n<p>Regionaalse arengu tegevuskava: <a href=\"https:\/\/www.saartekalandus.ee\/wp-content\/uploads\/2023\/10\/Regionaalse-arengu-tegevuskava-RETK.pdf\">Regionaalse arengu tegevuskava (RETK)<\/a><\/p>\n<p>\u00dcleriigiline planeering Eesti 2030: <a href=\"https:\/\/www.saartekalandus.ee\/wp-content\/uploads\/2023\/10\/uleriigiline-planeering_2030.pdf\">\u00fcleriigiline planeering_2030<\/a><\/p>\n<p>EMKVF rakenduskava 2021-2030: <a href=\"https:\/\/www.saartekalandus.ee\/wp-content\/uploads\/2023\/10\/emkvf-2021-rakenduskava-2022-12-08.pdf\">emkvf-2021-rakenduskava-2022-12-08<\/a><\/p>\n<p><a href=\"https:\/\/www.saartekalandus.ee\/wp-content\/uploads\/2023\/10\/poka-2030-taistekst.pdf\">P\u00f5llumajanduse ja kalanduse valdkonna arengukava aastani 2030: poka-2030-taistekst<\/a><\/p>\n<p><a href=\"https:\/\/www.saartekalandus.ee\/wp-content\/uploads\/2023\/10\/Regionaalpoliitika-programm-2022-2025_0.pdf\">Regionaalpoliitika programm 2022-2025_: Rahandusministeerium<\/a><\/p>\n<p><a href=\"http:\/\/www.saartekalandus.ee\/wp-content\/uploads\/2023\/08\/Kala-ja-kalatoodete-tarbimine.pdf\">Kala ja kalatoodete tarbimine<\/a>: Eesti Konjuktuuriinstituut, 2022<\/p>\n<p><a href=\"https:\/\/www.saartekalandus.ee\/wp-content\/uploads\/2023\/10\/Ettevotluskeskkonna-programm-2023-2026.pdf\">Ettevotluskeskkonna programm 2023-2026<\/a><\/p>\n<p><a href=\"https:\/\/www.saartehaal.ee\/2017\/12\/20\/rannakalurite-elu-sai-raamatuks\/\">Rannakalurite elu sai raamatuks<\/a>: <em>Saarte H\u00e4\u00e4l, 20. 12. 2017<\/em><\/p>\n<p><a href=\"http:\/\/www.err.ee\/606566\/saaremaa-rannakalurite-naguripaevad-on-labi\">Saaremaa rannakalurite n\u00e4gurip\u00e4evad on l\u00e4bi<\/a>: <em>Margus Muld, ERR, 09. 07. 2017<\/em><\/p>\n<p><a href=\"http:\/\/maaelu.postimees.ee\/3820595\/eesti-kala-on-toeliselt-tervislik\">Eesti kala on t\u00f5eliselt tervislik<\/a>: <em>Els Ulman- Kuuskman Postimees, Maa Elu 01. 09. 2016\u00a0<\/em><\/p>\n<p><a href=\"http:\/\/www.saartehaal.ee\/2016\/07\/12\/kalurite-paev-toi-montu-sadama-rahvast-tais\/\">Kaluritep\u00e4ev t\u00f5i M\u00f5ntu sadama rahvast t\u00e4is<\/a> <em>Saarte H\u00e4\u00e4l 12. 07. 2016<\/em><\/p>\n<p><a href=\"https:\/\/www.meiemaa.ee\/index.php?content=artiklid&amp;sub=1&amp;artid=71297\">20 000 eurot maksnud pidu vaimustas tuhandeid inimesi <\/a><em>Meie Maa 12. 07. 2016<\/em><\/p>\n<p><a href=\"http:\/\/www.saartehaal.ee\/2016\/07\/09\/kalurite-paeva-gastronoomiline-eelmang-nasval\/\">Kaluritep\u00e4eva gastronoomiline eelm\u00e4ng Nasval<\/a> <em>Saarte H\u00e4\u00e4l 09. 07. 2016<\/em><\/p>\n<p><em><a href=\"http:\/\/www.saartehaal.ee\/2016\/04\/22\/rannakalandusele-45-miljonit-eurot\/\">Rannakalandusele 4,5 miljonit eurot<\/a><\/em>\u00a0<em>Saarte H\u00e4\u00e4l 22. 04. 2016<\/em><\/p>\n<p><a href=\"http:\/\/www.saarlane.ee\/uudised\/uudis.asp?newsid=52870&amp;kat=1\">Saaremaa Kalurite p\u00e4eva asub korraldama Saarte Kalandus<\/a> <em>Saarlane 11. 03. 2016<\/em><\/p>\n<p><em><a href=\"http:\/\/www.saartehaal.ee\/2015\/11\/04\/uue-rahastusperioodi-prioriteet-on-nasva-sadam\/\" target=\"_blank\" rel=\"noopener\">Uue perioodi prioriteet on Nasva sadam<\/a>\u00a0 Saarte H\u00e4\u00e4l 04.11.2015<\/em><\/p>\n<p><em><a href=\"http:\/\/www.saartehaal.ee\/2014\/07\/05\/saarte-kalandus-suudistab-vallavolinikku-valetamises\/\" target=\"_blank\" rel=\"bookmark noopener\">Saarte Kalandus s\u00fc\u00fcdistab vallavolinikku valetamises<\/a>\u00a0 Saarte H\u00e4\u00e4l, 05.07.2014<\/em><\/p>\n<p><em><a href=\"http:\/\/www.saartehaal.ee\/2014\/05\/28\/ukraina-turu-madalseis-kalatootlejaid-ei-hirmuta\/\" target=\"_blank\" rel=\"bookmark noopener\">Ukraina turu madalseis kalat\u00f6\u00f6tlejaid ei hirmuta<\/a>\u00a0 Saarte H\u00e4\u00e4l, 28.05.2014<\/em><\/p>\n<p><em><a href=\"http:\/\/www.saartehaal.ee\/2014\/05\/17\/pria-voib-atla-sadama-buldooseritega-kokku-lukata\/\" target=\"_blank\" rel=\"noopener\">Pria v\u00f5ib Atla sadama buldooseriga kokku l\u00fckata<\/a> Saarte H\u00e4\u00e4l, 17.05.2014<\/em><\/p>\n<p><em><a href=\"http:\/\/www.saartehaal.ee\/2014\/05\/10\/pria-voib-kogu-atla-toetuse-tagasi-kusida\/\" target=\"_blank\" rel=\"noopener\">Pria v\u00f5ib kogu Atla toetuse tagasi k\u00fcsida<\/a> Saarte H\u00e4\u00e4l, 10.05.2014<\/em><\/p>\n<p><em><a href=\"http:\/\/www.saartehaal.ee\/2014\/03\/04\/kestab-lesta-ja-haugipuugi-keeluaeg\/\" target=\"_blank\" rel=\"bookmark noopener\">Kestab lesta- ja haugip\u00fc\u00fcgi keeluaeg<\/a> Saarte H\u00e4\u00e4l 04.03.2014<br \/>\n<\/em><\/p>\n<p><em><a href=\"http:\/\/www.saartehaal.ee\/2014\/02\/11\/saaremaale-koostatakse-uus-kalandusstrateegia\/\" rel=\"bookmark\">Saaremaale koostatakse uus kalandusstrateegia<\/a> Saarte H\u00e4\u00e4l 11.02.2014 <\/em><a href=\"http:\/\/www.saartehaal.ee\/2014\/02\/11\/saaremaale-koostatakse-uus-kalandusstrateegia\/\" target=\"_blank\" rel=\"bookmark noopener\"><abbr><em><br \/>\n<\/em><\/abbr> <abbr title=\"2014-03-04T00:01:53+00:00\"><\/abbr><\/a><\/p>\n<p><em><a href=\"http:\/\/www.saartehaal.ee\/2013\/11\/29\/euroopa-uus-kalanduspoliitika-saarlastele-midagi-eriti-uut-ei-paku\/\" rel=\"bookmark\">Euroopa uus kalanduspoliitika saarlastele midagi eriti uut ei paku<\/a> Saarte H\u00e4\u00e4l 29.11.2013 <\/em><\/p>\n<p><em><a href=\"http:\/\/www.saartehaal.ee\/2013\/11\/27\/saarerahvas-peaks-ikka-kala-sooma\/\" rel=\"bookmark\">Saarerahvas peaks ikka kala s\u00f6\u00f6ma<\/a> Saarte H\u00e4\u00e4l 27.11.2013 <\/em><\/p>\n<p><em><a href=\"http:\/\/www.saartehaal.ee\/2013\/11\/12\/mardilaupaeval-avatud-soela-sadamas-on-44-paadikohta\/\" rel=\"bookmark\">Mardilaup\u00e4eval avatud Soela sadamas on 42 paadikohta<\/a> Saarte H\u00e4\u00e4l 12.11.2013 <\/em><\/p>\n<p><em> <a href=\"http:\/\/www.saartehaal.ee\/2013\/08\/10\/saaremaa-sai-oma-kandidaadid-vaikesadamate-vorgustikku\/\" rel=\"bookmark\">Saaremaa sai oma kandidaadid v\u00e4ikesadamate v\u00f5rgustikku<\/a> Saarte H\u00e4\u00e4l 10.08.2013 <\/em><\/p>\n","protected":false},"excerpt":{"rendered":"<p>Saare maakonna lossimised 2016 &#8211; 2024: Lossimised_2016_._koond P\u00fc\u00fcgivahendi parendamise m\u00e4\u00e4rus: M_31_2024 P\u00fc\u00fcgivahendi parendamise m\u00e4\u00e4ruse seletuskiri: SK_31_2024 Eesti kalandussektori riikliku t\u00f6\u00f6kava t\u00e4itmine 2022.- 2024. aastal: Eesti kalandussektori riikliku t\u00f6\u00f6kava t\u00e4itmine 2022.- 2024. aastal Eesti kalandussektori kohta andmete kogumise riikliku t\u00f6\u00f6kava t\u00e4itmine 2022-2024 aastal (2022): Eesti kalandussektori kohta andmete kogumise riikliku t\u00f6\u00f6kava t\u00e4itmine 2022-2024 aastal (Keskkonnaministeerium, 2022) [&hellip;]<\/p>\n","protected":false},"author":1,"featured_media":0,"parent":0,"menu_order":40,"comment_status":"closed","ping_status":"open","template":"templates\/full-page.php","meta":{"footnotes":""},"class_list":["post-20","page","type-page","status-publish","hentry"],"_links":{"self":[{"href":"https:\/\/www.saartekalandus.ee\/index.php?rest_route=\/wp\/v2\/pages\/20","targetHints":{"allow":["GET"]}}],"collection":[{"href":"https:\/\/www.saartekalandus.ee\/index.php?rest_route=\/wp\/v2\/pages"}],"about":[{"href":"https:\/\/www.saartekalandus.ee\/index.php?rest_route=\/wp\/v2\/types\/page"}],"author":[{"embeddable":true,"href":"https:\/\/www.saartekalandus.ee\/index.php?rest_route=\/wp\/v2\/users\/1"}],"replies":[{"embeddable":true,"href":"https:\/\/www.saartekalandus.ee\/index.php?rest_route=%2Fwp%2Fv2%2Fcomments&post=20"}],"version-history":[{"count":49,"href":"https:\/\/www.saartekalandus.ee\/index.php?rest_route=\/wp\/v2\/pages\/20\/revisions"}],"predecessor-version":[{"id":6533,"href":"https:\/\/www.saartekalandus.ee\/index.php?rest_route=\/wp\/v2\/pages\/20\/revisions\/6533"}],"wp:attachment":[{"href":"https:\/\/www.saartekalandus.ee\/index.php?rest_route=%2Fwp%2Fv2%2Fmedia&parent=20"}],"curies":[{"name":"wp","href":"https:\/\/api.w.org\/{rel}","templated":true}]}}